1121?
-1132
In base 15, what is -1 + -e7?
-e8
In base 13, what is -3 + 7c8?
7c5
In base 6, what is -5 + 4?
-1
In base 10, what is 27 - -24?
51
In base 11, what is -109 - -5?
-104
In base 10, what is 2 + 34?
36
In base 12, what is -ab - -28?
-83
In base 4, what is -1100032 - -10?
-1100022
In base 11, what is -803 + -1?
-804
In base 16, what is 5 - 4d?
-48
In base 12, what is -1 - 285?
-286
In base 16, what is 3 - -2ba?
2bd
In base 5, what is -32002 - -1?
-32001
In base 10, what is -519 + 6?
-513
In base 10, what is 44 - 6?
38
In base 12, what is -14 + 6?
-a
In base 11, what is -3 - -180?
178
In base 14, what is -4 - 63?
-67
In base 11, what is -5 - -45?
40
In base 10, what is -4 - 256?
-260
In base 7, what is -2 + 101?
66
In base 12, what is 118a5 - -4?
118a9
In base 10, what is -4238 - -4?
-4234
In base 4, what is -30230 + -2?
-30232
In base 4, what is 131 - -231?
1022
In base 5, what is -21003 + -1?
-21004
In base 5, what is 31 + 2213?
2244
In base 14, what is -6a - 3?
-6d
In base 8, what is 1337 + 4?
1343
In base 11, what is -797 - 7?
-7a3
In base 4, what is -220 + 13?
-201
In base 2, what is 10 - -101101111011?
101101111101
In base 2, what is 1011101110 - -1010?
1011111000
In base 12, what is -119 + -4?
-121
In base 2, what is -1 - -1010?
1001
In base 7, what is 1 - 26?
-25
In base 16, what is 3 + -b?
-8
In base 4, what is -302 + -120?
-1022
In base 15, what is 6 - -e3?
e9
In base 16, what is -6 + 3?
-3
In base 3, what is -1122000 - 1?
-1122001
In base 10, what is 95 + -27?
68
In base 7, what is 24 + 14?
41
In base 13, what is -2b5 - 0?
-2b5
In base 8, what is 3 - 245?
-242
In base 15, what is -2 - -8?
6
In base 10, what is -75 - 4?
-79
In base 11, what is -2 + -697?
-699
In base 14, what is -805 - 4?
-809
In base 9, what is 14 + -25?
-11
In base 14, what is 5 + -60c?
-607
In base 3, what is 221 + 22?
1020
In base 16, what is 92f - -c?
93b
In base 13, what is 6415 + -4?
6411
In base 14, what is 23 + -7?
1a
In base 12, what is 4 - 66?
-62
In base 16, what is -27 + 39?
12
In base 3, what is -12220 + -1201?
-21121
In base 11, what is -18 + -a5?
-112
In base 2, what is 0 - 1111000001011?
-1111000001011
In base 2, what is -10000000 - 11011?
-10011011
In base 11, what is 89 - -15?
a3
In base 15, what is 73d + -4?
739
In base 12, what is -a6 - -3?
-a3
In base 16, what is -b1 - -2?
-af
In base 11, what is 881 - 3?
879
In base 9, what is -7528 + -2?
-7531
In base 11, what is 76 - -3?
79
In base 10, what is 184 + 0?
184
In base 7, what is 31032 + 3?
31035
In base 8, what is -44 + -14?
-60
In base 3, what is -102 + 1011?
202
In base 3, what is -22021 - -1?
-22020
In base 15, what is 2 - -34?
36
In base 13, what is 2 - 16c?
-16a
In base 3, what is -10 + 21022?
21012
In base 2, what is 100 - -100000110?
100001010
In base 2, what is 101011111 + 100?
101100011
In base 5, what is -134 + 2324?
2140
In base 4, what is 3 + -201323?
-201320
In base 15, what is 2 - 1?
1
In base 13, what is -280 + -2?
-282
In base 7, what is -315 - -2?
-313
In base 14, what is d10 + 0?
d10
In base 6, what is 4 + 1014?
1022
In base 7, what is 124 + 44?
201
In base 16, what is 16e4 + 5?
16e9
In base 3, what is -22 - 2?
-101
In base 10, what is -1 - 57?
-58
In base 10, what is 6 + 68?
74
In base 13, what is -c - -aa1?
a92
In base 7, what is 1 - -414?
415
In base 6, what is 42 + 25?
111
In base 4, what is -210 + 1132?
322
In base 13, what is 2 - -126?
128
In base 10, what is -30 - -679?
649
In base 16, what is -18 + 133?
11b
In base 9, what is 4 - 53?
-48
In base 4, what is 10 + 2003?
2013
In base 5, what is 110 + 21?
131
In base 13, what is 4 + 74c?
753
In base 16, what is -b3 - e?
-c1
In base 9, what is 2 - -3264?
3266
In base 11, what is 878 - 4?
874
In base 2, what is -10101010 - -100?
-10100110
In base 7, what is 1 - 2262?
-2261
In base 4, what is 1201 - -1021?
2222
In base 4, what is -123 - -10?
-113
In base 16, what is -3 + 888?
885
In base 14, what is -1 + -3?
-4
In base 13, what is -a2 - -1?
-a1
In base 5, what is 3 - 1144?
-1141
In base 7, what is 1150 + -4?
1143
In base 6, what is 0 - 3430?
-3430
In base 14, what is 3 - -50?
53
In base 3, what is -21001 - -211?
-20020
In base 4, what is -2321 + -13?
-3000
In base 3, what is 1 - -10202102?
10202110
In base 10, what is -3 + 49?
46
In base 13, what is -78c - -3?
-789
In base 11, what is 1766 + -3?
1763
In base 2, what is 100 + -1001110?
-1001010
In base 5, what is 4024 - -4?
4033
In base 9, what is 2742 - 4?
2737
In base 9, what is 5 + 8?
14
In base 6, what is 4 + 32103?
32111
In base 15, what is 5 - 21?
-1b
In base 7, what is 0 - -11544?
11544
In base 12, what is -4 + 91b?
917
In base 15, what is 4 + -7b?
-77
In base 6, what is -11332 - 1?
-11333
In base 12, what is 4536 + 2?
4538
In base 9, what is -7 - -327?
320
In base 13, what is 5 - 95?
-90
In base 9, what is 4 + -387?
-383
In base 14, what is -c5 + 16?
-ad
In base 5, what is 4 + 13244?
13303
In base 11, what is -3 + -761?
-764
In base 13, what is -4a6 + 7?
-49c
In base 15, what is 1 + -41a?
-419
In base 8, what is 526 + -6?
520
In base 6, what is 112 - 1000?
-444
In base 8, what is -3 + 51?
46
In base 11, what is 113 + 2?
115
In base 5, what is 0 + 2222?
2222
In base 12, what is -169 - -2?
-167
In base 4, what is -11212 - 120?
-11332
In base 5, what is 30332 + 3?
30340
In base 3, what is -1010 + 12?
-221
In base 4, what is -12 + -112202?
-112220
In base 4, what is 2 - -310?
312
In base 14, what is -4d + -7?
-56
In base 6, what is -112 - 0?
-112
In base 15, what is 43c + 7?
444
In base 14, what is -163 + 11?
-152
In base 11, what is -841 + -1?
-842
In base 15, what is -245 + -5?
-24a
In base 8, what is 2 + 66?
70
In base 3, what is 12 - 1022021?
-1022002
In base 4, what is 10 + 33?
103
In base 12, what is 57 - b?
48
In base 8, what is -3 + 162?
157
In base 4, what is 112 + 11?
123
In base 15, what is 0 - 22d?
-22d
In base 13, what is -5 - 875?
-87a
In base 16, what is 3088 + 2?
308a
In base 4, what is 113 - 22?
31
In base 2, what is -10011011 + -101?
-10100000
In base 16, what is 6 - 32?
-2c
In base 7, what is 0 + 106?
106
In base 4, what is -1021 - -210?
-211
In base 13, what is ca - -8b?
188
In base 12, what is -31 + 4?
-29
In base 9, what is 3 - -286?
300
In base 13, what is 4b01 - -2?
4b03
In base 5, what is 344 - 4?
340
In base 14, what is -2a + -21?
-4b
In base 7, what is 1 - 13?
-12
In base 13, what is -6 - 12?
-18
In base 13, what is -62 - 0?
-62
In base 9, what is 0 + -37?
-37
In base 9, what is 2 + -5753?
-5751
In base 7, what is 426 + -20?
406
In base 15, what is 2 - a?
-8
In base 8, what is 1345 + 0?
1345
In base 9, what is 15 - -88?
114
In base 4, what is -3323 - 10?
-3333
In base 7, what is 1340 + 2?
1342
In base 12, what is 6902 + 0?
6902
In base 16, what is -1b7 - -4?
-1b3
In base 5, what is 2333 + -3?
2330
In base 16, what is 5 - 1d2?
-1cd
In base 14, what is 11 - -10?
21
In base 8, what is -204 - 4?
-210
In base 9, what is 2104 - 2?
2102
In base 13, what is -5a98 + 5?
-5a93
In base 13, what is -97 - 3?
-9a
In base 8, what is -1 + 561?
560
In base 11, what is 72 + -4?
69
In base 16, what is -2 - 180?
-182
In base 6, what is -3 - 100?
-103
In base 4, what is -32 + 130?
32
In base 13, what is 5 + 1849?
1851
In base 4, what is -13 + 100?
21
In base 3, what is 2200 - -10?
2210
In base 16, what is 1 - -eda?
edb
In base 9, what is -77 - 5?
-83
In base 8, what is -6 + -113?
-121
In base 6, what is 21123 - -4?
21131
In base 2, what is -11000100 + 100?
-11000000
In base 10, what is 75 - 6?
69
In base 2, what is -100111 + -10001?
-111000
In base 12, what is -28 - 20?
-48
In base 9, what is -176 + -67?
-254
In base 15, what is 7 + d?
15
In base 11, what is -3 + 23?
20
In base 2, what is -1011 - 100001100010?
-100001101101
In base 14, what is 1680 + 4?
1684
In base 3, what is -1211 - 10?
-1221
In base 3, what is -10 + 11202?
11122
In base 5, what is 1321 - -1?
1322
In base 8, what is -14 - 75?
-111
In base 6, what is -5 - 320?
-325
In base 15, what is -4 - 1ba0?
-1ba4
In base 10, what is 2 + -3458?
-3456
In base 12, what is 113 - 5?
10a
In base 10, what is -36 + -5?
-41
In base 12, what is 5 - -66?
6b
In base 10, what is 6 + 100?
106
In base 2, what is -1 - -110010111?
110010110
In base 4, what is -2 - -1013?
1011
In base 4, what is 2 - -3032?
3100
In base 3,